et k(x) = x**3 + 5*x**2 - 12*x + 14. Let h = 500 - 493. What is the hundreds digit of k(h)?
5
Suppose -2*z = -2*o - 122, -117 = 2*o - 13*z + 10*z. Let x = o - -197. What is the hundreds digit of x?
1
Let f(r) = -r + 1. Let d(m) = -8*m + 91. Let t(p) = d(p) - 5*f(p). What is the units digit of t(23)?
7
Suppose 42032 = 3*w - 5*f, -3*w - 68*f + 66*f + 42046 = 0. What is the hundreds digit of w?
0
Suppose 9*r + 26 = -10. Let b = 142 - r. What is the tens digit of b?
4
What is the hundreds digit of ((-13)/(-2))/((1625750/5420)/(-25) - -12)?
5
Suppose -y + 2*s = 2*y + 4, 0 = -3*y - s - 7. Let i be (-3 - (y - -5))/(-2). What is the units digit of 1038/15 + i/(-15)?
9
Suppose 0 = 4*t + 18 - 198. Suppose 4*p - 205 = 4*o + 9*p, o - 5*p = -t. Let r = o - -57. What is the units digit of r?
7
Suppose 5*i - 55*i = -3217850 + 173400. What is the hundreds digit of i?
8
Suppose 3568 - 14776 = -8*r. Suppose 5*q = -4*v + r, 2*v + 4*q - 246 = 456. What is the units digit of v?
9
Let m = 925 - 1935. What is the thousands digit of m/4*624/(-104)?
1
Suppose 2*x + 2*x + 5*v + 124 = 0, -v - 140 = 4*x. Let k = x + 72. What is the tens digit of k?
3
Let y(s) = -33*s**2 + 125*s + 1. Let q(i) = 17*i**2 - 62*i - 1. Let j(d) = 5*q(d) + 2*y(d). What is the hundreds digit of j(10)?
2
Suppose -21*v - 1192 = -29605. Suppose v = 5*t + 2*z, -3*t - 2*t + 1333 = -3*z. What is the units digit of t?
9
Let y(p) be the third derivative of -p**6/120 - 7*p**5/12 - 23*p**4/12 + 11*p**3/3 - 84*p**2. What is the hundreds digit of y(-34)?
4
Let n(a) = 16*a + 54. Let o be n(-4). Let k(q) = q**2 - 11*q - 88. What is the tens digit of k(o)?
2
Suppose -171332 = -2*m + 4*o, 5*o + 85693 = -3*m + 4*m. What is the hundreds digit of m?
6
Suppose a + 5*r - 7272 = 0, -29154 = -4*a - r + 3*r. What is the units digit of a?
7
What is the ten thousands digit of 752/(468/(-94) + 5) - (-4 + 1)?
3
Let a(v) = 2*v**3 + 165*v**2 - 68*v - 606. What is the thousands digit of a(-82)?
1
Let h be 4*(-27)/(-4) - (0 - -3). Let k(a) = -18*a - h + 34 - 28. What is the units digit of k(-11)?
0
Suppose 17*v - 90178 - 26612 = 0. What is the hundreds digit of v?
8
Suppose 2*g - 3*n + 920 + 19 = 0, 2*g = -n - 951. Let c = g + 980. What is the units digit of c?
6
Let f = 2643 + 6627. What is the tens digit of f?
7
Let z(s) = 93*s**3 + 3*s**2 - 25*s + 52. What is the hundreds digit of z(5)?
6
Suppose -3*q = 116 - 164. Suppose -13*z = -3*d - q*z + 2358, -4*z + 3928 = 5*d. What is the hundreds digit of d?
7
Let p(i) = -i**2 + 33*i - 64. Let d be p(31). What is the hundreds digit of d + 3 + 505 + 4 + -8?
5
Let p(o) = -2*o**3 + 91*o**2 + 80*o - 190. What is the units digit of p(46)?
4
Let p(f) = f**2 - 2*f - 2. Let n be p(0). Let r be ((-21)/8)/(18/24)*n. Suppose 2*j = r*j - 800. What is the units digit of j?
0
Suppose -10955 = -q - o, 0 = -191*q + 187*q + 4*o + 43804. What is the ten thousands digit of q?
1
Let t be (-1 + 0)/(3/(-12)). Let n = -179 + 1129. Suppose t*s = 2*u + n, -5*s - 5*u = -221 - 1004. What is the hundreds digit of s?
2
Suppose 0 = -3*u - u - 20, 3*b - 4*u - 530 = 0. Suppose b = 4*z - 126. What is the units digit of -3 + z - 0/(6 - 3)?
1
Let i(r) be the second derivative of -71*r**3/6 - 7*r**2/2 - 51*r. Let d be i(2). Let n = 422 + d. What is the units digit of n?
3
Suppose 0 = 3*r - 1579 + 1585. Let k(t) = -14*t**2 - 10*t + 4. Let a(v) = -v + 1. Let s(h) = 5*a(h) - k(h). What is the units digit of s(r)?
7
Let z(d) = 16*d - 17. Let g = 10 + -16. Let i be ((160/g)/5)/(4/(-6)). What is the hundreds digit of z(i)?
1
Let a be (1 - 1)/(1 + 8 + -7). Suppose -16*b + 4184 + 3384 = a. What is the units digit of b?
3
Let j = -18778 + 45783. What is the units digit of j?
5
Let d(a) = 6*a**2 - 10*a - 12. Let q be d(4). Suppose -16710 = 34*f - q*f. What is the units digit of f?
1
Suppose -5*l = 3*p - 341, -l - 105 = -3*p + 266. Let w = p - -229. What is the tens digit of w?
5
Let m(c) = 58*c**2 - 61*c - 424. What is the units digit of m(-17)?
5
Let g(r) be the first derivative of -17*r**2/2 + 11*r + 72. What is the tens digit of g(-16)?
8
Let r = 35 + -35. Suppose r = -51*c + 53*c + 2. What is the units digit of 12/9*(79 + c)?
4
Let l(p) = -31*p**2 - 3*p - 39. Let c be l(-5). Let z = 1258 + c. What is the hundreds digit of z?
4
Let y(c) = 6*c + 2. Let i be y(1). Let t be (-3*i/12)/1. What is the units digit of (8/6)/(16/24) - t?
4
Let j be (94/(-8))/(4/16). Let b be (-6 - -6) + -1 + 81. Let o = j + b. What is the tens digit of o?
3
Let y(i) = -51*i + 1. Suppose 2*a + 2*c = c + 1, -2*c + 10 = 0. Let q be y(a). Suppose 0 = 2*f - f - q. What is the tens digit of f?
0
Suppose 0 = -4*o - 5*d + 15, 10*o - 12*o + 2*d + 30 = 0. Let h = 961 - o. What is the hundreds digit of h?
9
Let j = -382 + 1074. Suppose g - j = -227. What is the hundreds digit of g?
4
Suppose -k + 176 = -3*y, -19*k + 15*k = -2*y - 664. Let l(p) = p - 68. Let s be l(0). Let v = k + s. What is the tens digit of v?
9
Suppose 0*w - 7 = -q + 4*w, -3*q + 3 = -3*w. Let t = q - -16. Suppose o - 93 = -t. What is the units digit of o?
8
Let o(d) be the third derivative of d**6/60 - d**5/30 - d**4/8 + 3*d**2. Let y(x) be the second derivative of o(x). What is the units digit of y(3)?
2
Let k(g) = -233*g + 118*g - 4 + 29*g**2 + 121*g - 2. What is the units digit of k(4)?
2
Let d be 6 + -2 + -2 + 1 - 1. Suppose -p + 3*k + 16 = 0, -d*p - 2*k - 3*k = 1. Suppose -p*r - 151 = -1117. What is the units digit of r?
8
Suppose 210 = 5*r + 2*c + 3*c, -2*r - 4*c + 74 = 0. Let z = r - 62. What is the tens digit of 27 + -5*z/25?
3
Let x(c) = 7*c - 10*c + 26 + 2*c. Let y be x(-7). Suppose -q = -3*v - 51, 4*v = 5*q - y - 178. What is the tens digit of q?
3
Let k(n) = n**3 - 6*n**2 - 6*n - 4. Let s be ((-21)/6)/((-6)/12). Let w be k(s). Suppose -w*q = -77 - 106. What is the tens digit of q?
6
Let q = 21738 - 559. What is the ten thousands digit of q?
2
Suppose -2 = -2*n - q, -4*n + 1 = 5*q - 3. Let h be (-13 - 2)/(n/20). Let i = h + 468. What is the hundreds digit of i?
1
Suppose 0 = 3*r - 16 + 10. Suppose -r*b - 5*t + 62 = -0*t, -5*b - 5*t = -140. Suppose 4*w - 2*j - b = 6, -5*j = 0. What is the units digit of w?
8
Let t = 19333 + -7129. What is the hundreds digit of t?
2
Let y = -431 - -770. Let m = y - 311. What is the tens digit of m?
2
Suppose -x - 3*b - 52 = 0, 5*x + 16 = -3*b - 280. Let o = -34 - x. Let m = 149 - o. What is the tens digit of m?
2
Let p = -27 + 27. Suppose 2*x + 3*v = 51, 2*x + p*x - 76 = 2*v. What is the tens digit of x?
3
Suppose 0 = 10*p + 82 + 2268. Let i = 329 + p. Let m = i - -44. What is the hundreds digit of m?
1
Let z be (-4)/((6/(-75))/2). Let w be -2 - 937/(-5) - 30/75. Let y = w - z. What is the tens digit of y?
8
Let n(y) = -8405*y - 2528. What is the ten thousands digit of n(-5)?
3
Suppose -3*z = 3*i + 537, 4*i - 3*z + 698 = 2*z. Let p = i - -478. What is the hundreds digit of p?
3
What is the thousands digit of (1595514/(-777))/((-2)/7)?
7
Let k = 41 - 40. Let c be (-2*(-38)/4)/(k/15). Suppose -2*d + 2*r - 81 + c = 0, 4*r = 0. What is the units digit of d?
2
Let w(o) = 7*o**2 + 25*o + 9. Let b be w(5). Suppose -2*c - 2*z + 5*z + 299 = 0, 5*z = 2*c - b. What is the hundreds digit of c?
1
Suppose -5*h - q = -95, 0 = 4*h + 4*q + q - 97. Let m be -2*5/15*h/(-4). Suppose m + 126 = n. What is the units digit of n?
9
Let j be 3*(-2 + 2242/6). Let s be (-1)/((-112)/(-14)) - 82/(-16). Suppose -s*v - 265 = -j. What is the hundreds digit of v?
1
Let n(h) = 179*h**2 - 90*h + 228. What is the thousands digit of n(10)?
7
Let m = 9797 - 5092. What is the tens digit of m?
0
Let d(x) be the third derivative of x**5/60 - x**4/24 + 19*x**3/2 + 10*x**2 - 2*x. What is the units digit of d(0)?
7
What is the ten thousands digit of -4274*(-42)/252*(0 - -18)?
1
Let d(y) = y**2 + 4*y + 3. Let l be d(-19). Suppose -l*i = -292*i + 988. What is the tens digit of i?
4
Suppose -410750 = -1402*q + 1377*q. What is the units digit of q?
0
Let u(k) = -43*k - 20. Let m be u(9). Let s = m + 711. What is the units digit of s?
4
Let h(k) = -k - 14. Let g(u) = 4 - 27 - 4*u + 5 - 23. Let q(o) = 2*g(o) - 7*h(o). What is the units digit of q(10)?
6
Suppose 1048 + 1007 = v - 2*p, 0 = -5*v + 3*p + 10296. What is the units digit of v?
1
Suppose -4*l - l + 4*v = 1651, 0 = 5*v + 5. Let b = 934 +